- 6 = -4*k. Suppose 3*t + 2*h = t + 222, 5*t - k*h - 520 = 0. Suppose 0 = -0*m - 3*m + 3*a + 60, 3*a + t = 5*m. What are the prime factors of m?
23
Let w = 1350 + -997. What are the prime factors of w?
353
Suppose 9 = 4*s + 1. Suppose 5*p + v = 179, -v + s*v = p - 31. Let a = p + -30. List the prime factors of a.
5
Let r be 4 + (-6 - 16/4). List the prime factors of r/(-33) - 240/(-11).
2, 11
Let a(k) = -2*k - 22. Let i be 6*2/6 - -39. Suppose 3*m - 2 + i = 0. What are the prime factors of a(m)?
2
Suppose 186*k - 218 = 185*k. List the prime factors of k.
2, 109
Let a(z) = z**3 + 57*z**2 + 63*z - 240. What are the prime factors of a(-55)?
5, 7, 67
Let g be (8/10)/(8/(-60)). Let y(x) = -x**3 + 8*x**2 - x + 38. Let q be y(8). Let b = g + q. What are the prime factors of b?
2, 3
Let i(c) = 7*c**2 + 14*c - 2. Let x(a) = -11*a**2 - 21*a + 3. Let g(s) = -8*i(s) - 5*x(s). What are the prime factors of g(-6)?
7
Let b be (0/(-2))/(16 - 14). Suppose 0 = -b*s + s - 3*h - 14, 0 = 2*s + 5*h + 16. Suppose s*i - 31 = i + v, 0 = v + 5. What are the prime factors of i?
2, 13
Let a(m) = 4*m + m - 10 - 4*m + 2*m**2 + 3*m**2. Let k be a(-6). Suppose -3*z + k = r, 3*z + 2*r = -0*r + 169. What are the prime factors of z?
53
Let t = -20 + 36. Let l(k) = -t*k - k**2 - 20 - 4*k + k. What are the prime factors of l(-13)?
2, 29
List the prime factors of (2 - (-28)/(-13)) + (-166188)/(-143).
2, 7, 83
Suppose -178 = 4*n - p, -n - 6*p = -p + 55. Let t = -80 + -16. Let z = n - t. What are the prime factors of z?
3, 17
Let x = -2287 - -4265. List the prime factors of x.
2, 23, 43
Let m = 33 - 26. Suppose 2*d - m*t = -2*t + 124, d + 5*t = 32. List the prime factors of d.
2, 13
Let q = -47 + 46. What are the prime factors of 0 - q - (-484)/11?
3, 5
Let p = 27 + -24. Suppose p*c = -78 + 195. List the prime factors of c.
3, 13
Let i = -2617 - -5311. List the prime factors of i.
2, 3, 449
Let m be (-8)/(-12) - 404/(-6). Let o = -6 + m. List the prime factors of o.
2, 31
Suppose 19*r - 18*r - 132 = 0. List the prime factors of r.
2, 3, 11
Suppose -5*j = -2*r - 0*r - 4408, -4*r - 4416 = -5*j. Suppose 0 = 8*t - j - 0. What are the prime factors of t?
2, 5, 11
Suppose 0 = -3*c + 4*i - 25, -5*c = -4*i - 18 + 57. Let r(p) = -p**2 - 7*p + 12. List the prime factors of r(c).
2, 3
Let r be -2 + 0*(-1 + 0) - -7. Let n be 1 + 3/(-6)*2. Suppose n = 5*f - 3*k - 271, k - 167 = -3*f + r*k. What are the prime factors of f?
53
Suppose -x + 151 = 3*s, 16*x - 21*x - s + 797 = 0. List the prime factors of x.
2, 5
Let g = 154 - 150. Suppose -5*t + 5*n - 3*n = -912, g = n. What are the prime factors of t?
2, 23
Let l(n) = -2*n**2 - 6*n - 7. Let w be l(-6). Suppose 2*m + 5*q + 126 = 0, -4*m + 86*q - 89*q = 252. Let d = w - m. List the prime factors of d.
2, 5
Let p(v) = 70*v**2 + 5*v - 4. List the prime factors of p(4).
2, 71
Suppose -11 = -5*o - 1. Let u(p) = -6*p + 7 - o*p**2 + 3*p**2 - 4*p**2 + 5*p**2. List the prime factors of u(5).
3
Let u = -39 + -9. What are the prime factors of u/112 + (-157)/(-7)?
2, 11
Let h be 425 + (-2 + 1)*4. Suppose 5*p + 4*j - h = 0, -j + 84 = p - 0*j. List the prime factors of p.
5, 17
Suppose 3*k + 5*y = 338, 3*k + y = k + 216. Let f = k - 39. List the prime factors of f.
67
Let k = -84 - -440. What are the prime factors of k?
2, 89
Let t = 4672 - 2836. What are the prime factors of t?
2, 3, 17
Suppose 4*o - 2188 = 360. What are the prime factors of o?
7, 13
Let l be 6/(-24) + 58/8. Let z(j) = 5*j - 5. Let i be z(l). Suppose -6*f + f + i = 0. List the prime factors of f.
2, 3
Suppose t + 7*z - 2*z = 649, 6*z = -6. What are the prime factors of t?
2, 3, 109
Let j = -1 - -6. Suppose j*k - 3*c + 4 = 0, 3*k - 3*c + 0 = -6. What are the prime factors of k/((-2)/(-36)) - -2?
2, 5
Let n(x) = 25*x - 5. Let k(h) = 6*h - 1. Let b(v) = -9*k(v) + 2*n(v). Let i be b(-1). Suppose -2*l + 50 = i*l. What are the prime factors of l?
2, 5
Suppose 3*o - 29 = -17. Suppose -o*q = -4*m + 2*m - 310, 64 = q - 5*m. List the prime factors of q.
79
Let g(j) = 0*j - 1 - 3 - 7*j - 3*j. Suppose -9*h = -8*h + 4. List the prime factors of g(h).
2, 3
Let r(b) = 23*b - 62. Let x(g) = 15*g - 41. Let n(i) = 5*r(i) - 7*x(i). What are the prime factors of n(14)?
3, 13
Suppose -y - b + 761 = 0, y - 5*b = 606 + 161. What are the prime factors of y?
2, 3, 127
Suppose -5*u = -4*c + 264, 4*c - 4*u - 252 - 8 = 0. Suppose x = 4*g - 0*x - 48, -5*g + x + c = 0. What are the prime factors of g?
13
Let p be 36/(-60)*(-5 + 0). List the prime factors of ((-2)/p)/(-2) + (-13335)/(-63).
2, 53
Let h(l) = 31*l**3 - 1. Let s = 25 - 35. Let g be s/(-20)*(3 - 1). List the prime factors of h(g).
2, 3, 5
Let h(k) = 14*k**2 + 6*k - 9*k + 3 - k**3 - 5*k. What are the prime factors of h(13)?
2, 17
Suppose 3*j + 5*p = -2*j + 110, -5*j + 2*p = -89. Let k = 68 - j. List the prime factors of k.
7
Let q = 137 - 88. Suppose 2*b = -20 + 64. Let v = q - b. What are the prime factors of v?
3
Suppose 0*u + 4*a = 4*u - 164, 4*u - 5*a - 160 = 0. Let g = u + -20. List the prime factors of g.
5
Let m = 40 + -26. Let p = m + -50. Let f = 42 + p. What are the prime factors of f?
2, 3
Suppose 0 = j - 1 - 0. Let s be -1 + 3 + j + -1183. What are the prime factors of s/(-45) + 4/(-18)?
2, 13
Let j = 200 + -22. Suppose -5*v + j = -4*v. List the prime factors of v.
2, 89
Suppose 73 - 521 = -4*i. What are the prime factors of i?
2, 7
Suppose -a + 111 = 2*a. Let o = 21 + a. What are the prime factors of o?
2, 29
Let p be 12/(-3)*-1 - 2. Suppose -w = 2*x - 44, 50 = p*x + 4*w - 0*w. List the prime factors of x.
3, 7
Let m = 1696 - 765. What are the prime factors of m?
7, 19
List the prime factors of 3/(3630/1205 + -3).
241
Let m(p) = p**3 + 11*p**2 - 44*p - 24. Let b be m(-14). Let f(v) = -8*v + 2. Let n be f(-2). Let k = n - b. List the prime factors of k.
2, 7
Suppose n - 66 = -n + 2*t, -5*n + 2*t + 162 = 0. List the prime factors of ((-37)/4)/(1*(-4)/n).
2, 37
Let t(a) = 8*a**2 + a + 1. Let s be t(-1). Let u(o) = -o**2 + 3*o**3 + 2*o + s - 3*o - 3*o**3 - o**3. List the prime factors of u(0).
2
What are the prime factors of -2*(-3)/4 + 6137/38?
163
Suppose 4*i - 8 = -0*i. Suppose -2*m - c = -12, 3*m + c - 24 = -i*m. Suppose 4*f + 4*u = 60, -2*f + 5*f - 47 = -m*u. What are the prime factors of f?
13
Let c = -126 + 187. Let f = -10 + 11. Suppose 2*m - c = f. What are the prime factors of m?
31
Suppose 5500 = 4*x - 2*i, -1373 = -x - 127*i + 128*i. What are the prime factors of x?
3, 17
Let n(c) = 191*c**2 + 4*c. List the prime factors of n(1).
3, 5, 13
Let a(d) be the third derivative of 5*d**4/8 - d**3/6 - 3*d**2. Let k be a(6). Suppose o = 5*t - 151, 5*t - 2*t - o = k. List the prime factors of t.
31
Suppose -10*d + 2148 = -6*d. What are the prime factors of d/12 - 2/(-8)?
3, 5
Let j = -16 + 24. Suppose -10*c = -j*c - 92. What are the prime factors of c?
2, 23
Let h(o) = 7*o**2 - 8*o - 74. What are the prime factors of h(15)?
1381
Suppose -4*d = -d. Suppose -m = -d*m. Let s(f) = -2*f**2 - f + 45. What are the prime factors of s(m)?
3, 5
Let o be -38*1 + (-9)/(-3). Let g = 92 + o. List the prime factors of g.
3, 19
List the prime factors of -3*6/(-18) + 690/1.
691
Let q(z) = -z**3 + 21*z - 4*z**2 - 2*z**2 - 4*z**3 + 4*z**3 - 9. What are the prime factors of q(-9)?
3, 5
Let a(c) = 42*c**2 - 4*c - 34. List the prime factors of a(8).
2, 3, 19, 23
Suppose 0 = -2*h + 21 - 7. Suppose h - 3 = 2*j. Suppose y = -n + j*y + 27, -2*n + 54 = -3*y. What are the prime factors of n?
3
Suppose -5*c + 611 = h, -3*c - 811 = -3*h + 1058. List the prime factors of h.
3, 23
Let u be (-16)/(-6)*(-54)/(-8). Let b = u + -12. Let r(m) = -m**3 + 7*m**2 - 4*m - 4. List the prime factors of r(b).
2
Let o(x) = 151*x - 190. List the prime factors of o(9).
7, 167
Let s(u) = -u**3 - 3*u**2 + 5*u + 2. Let j be s(-6). Let l = -21 + j. What are the prime factors of l?
59
Suppose -f + 2*s - 9 = 0, 2*s = -2*f + 4*s - 16. Let d(x) = 2*x**2 - 3. Let o be d(f). Suppose 2*l - 5 = l, 5*a - 3*l - o = 0. List the prime factors of a.
2, 11
Suppose 0 = k - 6*k + h + 73, 0 = -k + 5*h + 5. Let x = 96 + 159. Suppose -20*u + k*u + x = 0. What are the prime factors of u?
3, 17
Suppose 281*t - 299*t = -40716. What are the prime factors of t?
2, 3, 13, 29
Let t = 1286 - 857. List the prime factors of t.
3